{"id":142,"date":"2021-07-21T15:35:32","date_gmt":"2021-07-21T13:35:32","guid":{"rendered":"https:\/\/ace-partner.org\/dstn\/?page_id=142"},"modified":"2022-11-23T18:01:30","modified_gmt":"2022-11-23T17:01:30","slug":"centres","status":"publish","type":"page","link":"https:\/\/ace-partner.org\/dstn\/centres\/","title":{"rendered":"Centres"},"content":{"rendered":"\n<div class=\"wp-block-cover alignfull has-background-dim-50 has-white-background-color has-background-dim has-parallax\" style=\"background-image:url(https:\/\/ace-partner.org\/dstn\/wp-content\/uploads\/sites\/2\/2021\/07\/banner-centres-dstn.jpg);min-height:600px\"><div class=\"wp-block-cover__inner-container is-layout-flow wp-block-cover-is-layout-flow\">\n<h1 class=\"has-text-align-center has-blue-color has-text-color wp-block-heading\">Centres<\/h1>\n<\/div><\/div>\n","protected":false},"excerpt":{"rendered":"","protected":false},"author":1,"featured_media":0,"parent":0,"menu_order":0,"comment_status":"closed","ping_status":"closed","template":"tpl-center.php","meta":{"inline_featured_image":false,"footnotes":""},"acf":[],"yoast_head":"<!-- This site is optimized with the Yoast SEO plugin v20.13 - https:\/\/yoast.com\/wordpress\/plugins\/seo\/ -->\n<title>Les centres de notre r\u00e9seau DSTN | ACE Partner<\/title>\n<meta name=\"description\" content=\"Retrouvez ici, l&#039;ensemble des centres et leurs informations appartenant au r\u00e9seau sciences et technologiques du num\u00e9rique DSTN.\" \/>\n<meta name=\"robots\" content=\"index, follow, max-snippet:-1, max-image-preview:large, max-video-preview:-1\" \/>\n<link rel=\"canonical\" href=\"https:\/\/ace-partner.org\/dstn\/centres\/\" \/>\n<meta property=\"og:locale\" content=\"fr_FR\" \/>\n<meta property=\"og:type\" content=\"article\" \/>\n<meta property=\"og:title\" content=\"Les centres de notre r\u00e9seau DSTN | ACE Partner\" \/>\n<meta property=\"og:description\" content=\"Retrouvez ici, l&#039;ensemble des centres et leurs informations appartenant au r\u00e9seau sciences et technologiques du num\u00e9rique DSTN.\" \/>\n<meta property=\"og:url\" content=\"https:\/\/ace-partner.org\/dstn\/centres\/\" \/>\n<meta property=\"og:site_name\" content=\"DSTN\" \/>\n<meta property=\"article:modified_time\" content=\"2022-11-23T17:01:30+00:00\" \/>\n<meta name=\"twitter:card\" content=\"summary_large_image\" \/>\n<meta name=\"twitter:label1\" content=\"Dur\u00e9e de lecture estim\u00e9e\" \/>\n\t<meta name=\"twitter:data1\" content=\"1 minute\" \/>\n<script type=\"application\/ld+json\" class=\"yoast-schema-graph\">{\"@context\":\"https:\/\/schema.org\",\"@graph\":[{\"@type\":\"WebPage\",\"@id\":\"https:\/\/ace-partner.org\/dstn\/centres\/\",\"url\":\"https:\/\/ace-partner.org\/dstn\/centres\/\",\"name\":\"Les centres de notre r\u00e9seau DSTN | ACE Partner\",\"isPartOf\":{\"@id\":\"https:\/\/ace-partner.org\/dstn\/#website\"},\"datePublished\":\"2021-07-21T13:35:32+00:00\",\"dateModified\":\"2022-11-23T17:01:30+00:00\",\"description\":\"Retrouvez ici, l'ensemble des centres et leurs informations appartenant au r\u00e9seau sciences et technologiques du num\u00e9rique DSTN.\",\"breadcrumb\":{\"@id\":\"https:\/\/ace-partner.org\/dstn\/centres\/#breadcrumb\"},\"inLanguage\":\"fr-FR\",\"potentialAction\":[{\"@type\":\"ReadAction\",\"target\":[\"https:\/\/ace-partner.org\/dstn\/centres\/\"]}]},{\"@type\":\"BreadcrumbList\",\"@id\":\"https:\/\/ace-partner.org\/dstn\/centres\/#breadcrumb\",\"itemListElement\":[{\"@type\":\"ListItem\",\"position\":1,\"name\":\"Accueil\",\"item\":\"https:\/\/ace-partner.org\/dstn\/\"},{\"@type\":\"ListItem\",\"position\":2,\"name\":\"Centres\"}]},{\"@type\":\"WebSite\",\"@id\":\"https:\/\/ace-partner.org\/dstn\/#website\",\"url\":\"https:\/\/ace-partner.org\/dstn\/\",\"name\":\"DSTN\",\"description\":\"R\u00e9seau sciences et technologies du num\u00e9rique\",\"publisher\":{\"@id\":\"https:\/\/ace-partner.org\/dstn\/#organization\"},\"potentialAction\":[{\"@type\":\"SearchAction\",\"target\":{\"@type\":\"EntryPoint\",\"urlTemplate\":\"https:\/\/ace-partner.org\/dstn\/?s={search_term_string}\"},\"query-input\":\"required name=search_term_string\"}],\"inLanguage\":\"fr-FR\"},{\"@type\":\"Organization\",\"@id\":\"https:\/\/ace-partner.org\/dstn\/#organization\",\"name\":\"DSTN\",\"url\":\"https:\/\/ace-partner.org\/dstn\/\",\"logo\":{\"@type\":\"ImageObject\",\"inLanguage\":\"fr-FR\",\"@id\":\"https:\/\/ace-partner.org\/dstn\/#\/schema\/logo\/image\/\",\"url\":\"https:\/\/ace-partner.org\/dstn\/wp-content\/uploads\/sites\/2\/2022\/09\/cropped-DSTN_logo_Plan-de-travail-1-4.png\",\"contentUrl\":\"https:\/\/ace-partner.org\/dstn\/wp-content\/uploads\/sites\/2\/2022\/09\/cropped-DSTN_logo_Plan-de-travail-1-4.png\",\"width\":78,\"height\":52,\"caption\":\"DSTN\"},\"image\":{\"@id\":\"https:\/\/ace-partner.org\/dstn\/#\/schema\/logo\/image\/\"}}]}<\/script>\n<!-- \/ Yoast SEO plugin. -->","yoast_head_json":{"title":"Les centres de notre r\u00e9seau DSTN | ACE Partner","description":"Retrouvez ici, l'ensemble des centres et leurs informations appartenant au r\u00e9seau sciences et technologiques du num\u00e9rique DSTN.","robots":{"index":"index","follow":"follow","max-snippet":"max-snippet:-1","max-image-preview":"max-image-preview:large","max-video-preview":"max-video-preview:-1"},"canonical":"https:\/\/ace-partner.org\/dstn\/centres\/","og_locale":"fr_FR","og_type":"article","og_title":"Les centres de notre r\u00e9seau DSTN | ACE Partner","og_description":"Retrouvez ici, l'ensemble des centres et leurs informations appartenant au r\u00e9seau sciences et technologiques du num\u00e9rique DSTN.","og_url":"https:\/\/ace-partner.org\/dstn\/centres\/","og_site_name":"DSTN","article_modified_time":"2022-11-23T17:01:30+00:00","twitter_card":"summary_large_image","twitter_misc":{"Dur\u00e9e de lecture estim\u00e9e":"1 minute"},"schema":{"@context":"https:\/\/schema.org","@graph":[{"@type":"WebPage","@id":"https:\/\/ace-partner.org\/dstn\/centres\/","url":"https:\/\/ace-partner.org\/dstn\/centres\/","name":"Les centres de notre r\u00e9seau DSTN | ACE Partner","isPartOf":{"@id":"https:\/\/ace-partner.org\/dstn\/#website"},"datePublished":"2021-07-21T13:35:32+00:00","dateModified":"2022-11-23T17:01:30+00:00","description":"Retrouvez ici, l'ensemble des centres et leurs informations appartenant au r\u00e9seau sciences et technologiques du num\u00e9rique DSTN.","breadcrumb":{"@id":"https:\/\/ace-partner.org\/dstn\/centres\/#breadcrumb"},"inLanguage":"fr-FR","potentialAction":[{"@type":"ReadAction","target":["https:\/\/ace-partner.org\/dstn\/centres\/"]}]},{"@type":"BreadcrumbList","@id":"https:\/\/ace-partner.org\/dstn\/centres\/#breadcrumb","itemListElement":[{"@type":"ListItem","position":1,"name":"Accueil","item":"https:\/\/ace-partner.org\/dstn\/"},{"@type":"ListItem","position":2,"name":"Centres"}]},{"@type":"WebSite","@id":"https:\/\/ace-partner.org\/dstn\/#website","url":"https:\/\/ace-partner.org\/dstn\/","name":"DSTN","description":"R\u00e9seau sciences et technologies du num\u00e9rique","publisher":{"@id":"https:\/\/ace-partner.org\/dstn\/#organization"},"potentialAction":[{"@type":"SearchAction","target":{"@type":"EntryPoint","urlTemplate":"https:\/\/ace-partner.org\/dstn\/?s={search_term_string}"},"query-input":"required name=search_term_string"}],"inLanguage":"fr-FR"},{"@type":"Organization","@id":"https:\/\/ace-partner.org\/dstn\/#organization","name":"DSTN","url":"https:\/\/ace-partner.org\/dstn\/","logo":{"@type":"ImageObject","inLanguage":"fr-FR","@id":"https:\/\/ace-partner.org\/dstn\/#\/schema\/logo\/image\/","url":"https:\/\/ace-partner.org\/dstn\/wp-content\/uploads\/sites\/2\/2022\/09\/cropped-DSTN_logo_Plan-de-travail-1-4.png","contentUrl":"https:\/\/ace-partner.org\/dstn\/wp-content\/uploads\/sites\/2\/2022\/09\/cropped-DSTN_logo_Plan-de-travail-1-4.png","width":78,"height":52,"caption":"DSTN"},"image":{"@id":"https:\/\/ace-partner.org\/dstn\/#\/schema\/logo\/image\/"}}]}},"_links":{"self":[{"href":"https:\/\/ace-partner.org\/dstn\/wp-json\/wp\/v2\/pages\/142"}],"collection":[{"href":"https:\/\/ace-partner.org\/dstn\/wp-json\/wp\/v2\/pages"}],"about":[{"href":"https:\/\/ace-partner.org\/dstn\/wp-json\/wp\/v2\/types\/page"}],"author":[{"embeddable":true,"href":"https:\/\/ace-partner.org\/dstn\/wp-json\/wp\/v2\/users\/1"}],"replies":[{"embeddable":true,"href":"https:\/\/ace-partner.org\/dstn\/wp-json\/wp\/v2\/comments?post=142"}],"version-history":[{"count":2,"href":"https:\/\/ace-partner.org\/dstn\/wp-json\/wp\/v2\/pages\/142\/revisions"}],"predecessor-version":[{"id":157,"href":"https:\/\/ace-partner.org\/dstn\/wp-json\/wp\/v2\/pages\/142\/revisions\/157"}],"wp:attachment":[{"href":"https:\/\/ace-partner.org\/dstn\/wp-json\/wp\/v2\/media?parent=142"}],"curies":[{"name":"wp","href":"https:\/\/api.w.org\/{rel}","templated":true}]}}